Last updated on 2022-04-24 03:52:23 CEST.
Flavor | Version | Tinstall | Tcheck | Ttotal | Status | Flags |
---|---|---|---|---|---|---|
r-devel-linux-x86_64-debian-clang | 0.2.0 | 122.31 | 65.62 | 187.93 | OK | |
r-devel-linux-x86_64-debian-gcc | 0.2.0 | 94.60 | 46.58 | 141.18 | OK | |
r-devel-linux-x86_64-fedora-clang | 0.2.0 | 280.05 | NOTE | |||
r-devel-linux-x86_64-fedora-gcc | 0.2.0 | 239.85 | NOTE | |||
r-patched-linux-x86_64 | 0.2.0 | 93.01 | 63.62 | 156.63 | OK | |
r-release-linux-x86_64 | 0.2.0 | 100.59 | 61.89 | 162.48 | OK | |
r-release-macos-arm64 | 0.2.0 | NOTE | ||||
r-release-macos-x86_64 | 0.2.0 | NOTE | ||||
r-release-windows-x86_64 | 0.2.0 | 103.00 | 113.00 | 216.00 | NOTE | |
r-oldrel-macos-arm64 | 0.2.0 | NOTE | ||||
r-oldrel-macos-x86_64 | 0.2.0 | NOTE | ||||
r-oldrel-windows-ix86+x86_64 | 0.2.0 | 276.00 | 134.00 | 410.00 | NOTE |
Version: 0.2.0
Check: installed package size
Result: NOTE
installed size is 6.8Mb
sub-directories of 1Mb or more:
data 4.8Mb
libs 1.8Mb
Flavors: r-devel-linux-x86_64-fedora-clang, r-release-macos-arm64, r-release-macos-x86_64, r-release-windows-x86_64, r-oldrel-macos-arm64, r-oldrel-macos-x86_64, r-oldrel-windows-ix86+x86_64
Version: 0.2.0
Check: data for non-ASCII characters
Result: NOTE
Note: found 9796 marked UTF-8 strings
Flavors: r-devel-linux-x86_64-fedora-clang, r-devel-linux-x86_64-fedora-gcc, r-release-macos-arm64, r-release-macos-x86_64, r-oldrel-macos-arm64, r-oldrel-macos-x86_64