Last updated on 2022-04-24 03:52:23 CEST.
Flavor | Version | Tinstall | Tcheck | Ttotal | Status | Flags |
---|---|---|---|---|---|---|
r-devel-linux-x86_64-debian-clang | 1.0.1 | 2.07 | 33.72 | 35.79 | NOTE | |
r-devel-linux-x86_64-debian-gcc | 1.0.1 | 1.81 | 26.69 | 28.50 | NOTE | |
r-devel-linux-x86_64-fedora-clang | 1.0.1 | 45.27 | NOTE | |||
r-devel-linux-x86_64-fedora-gcc | 1.0.1 | 34.54 | NOTE | |||
r-patched-linux-x86_64 | 1.0.1 | 2.07 | 32.41 | 34.48 | NOTE | |
r-release-linux-x86_64 | 1.0.1 | 2.11 | 32.99 | 35.10 | NOTE | |
r-release-macos-arm64 | 1.0.1 | NOTE | ||||
r-release-macos-x86_64 | 1.0.1 | NOTE | ||||
r-release-windows-x86_64 | 1.0.1 | 14.00 | 51.00 | 65.00 | NOTE | |
r-oldrel-macos-arm64 | 1.0.1 | NOTE | ||||
r-oldrel-macos-x86_64 | 1.0.1 | NOTE | ||||
r-oldrel-windows-ix86+x86_64 | 1.0.1 | 6.00 | 47.00 | 53.00 | NOTE |
Version: 1.0.1
Check: LazyData
Result: NOTE
'LazyData' is specified without a 'data' directory
Flavors: r-devel-linux-x86_64-debian-clang, r-devel-linux-x86_64-debian-gcc, r-devel-linux-x86_64-fedora-clang, r-devel-linux-x86_64-fedora-gcc, r-patched-linux-x86_64, r-release-linux-x86_64, r-release-macos-arm64, r-release-macos-x86_64, r-release-windows-x86_64, r-oldrel-macos-arm64, r-oldrel-macos-x86_64, r-oldrel-windows-ix86+x86_64