Last updated on 2022-04-24 03:52:23 CEST.
Flavor | Version | Tinstall | Tcheck | Ttotal | Status | Flags |
---|---|---|---|---|---|---|
r-devel-linux-x86_64-debian-clang | 0.6-0 | 9.36 | 49.48 | 58.84 | NOTE | |
r-devel-linux-x86_64-debian-gcc | 0.6-0 | 6.89 | 37.39 | 44.28 | NOTE | |
r-devel-linux-x86_64-fedora-clang | 0.6-0 | 70.64 | NOTE | |||
r-devel-linux-x86_64-fedora-gcc | 0.6-0 | 61.82 | NOTE | |||
r-patched-linux-x86_64 | 0.6-0 | 6.93 | 48.64 | 55.57 | NOTE | |
r-release-linux-x86_64 | 0.6-0 | 6.95 | 47.81 | 54.76 | NOTE | |
r-release-macos-arm64 | 0.6-0 | NOTE | ||||
r-release-macos-x86_64 | 0.6-0 | NOTE | ||||
r-release-windows-x86_64 | 0.6-0 | 44.00 | 63.00 | 107.00 | NOTE | |
r-oldrel-macos-arm64 | 0.6-0 | NOTE | ||||
r-oldrel-macos-x86_64 | 0.6-0 | NOTE | ||||
r-oldrel-windows-ix86+x86_64 | 0.6-0 | 16.00 | 46.00 | 62.00 | NOTE |
Version: 0.6-0
Check: R code for possible problems
Result: NOTE
ppert: no visible global function definition for 'pbeta'
prepare8pkg: no visible global function definition for 'glob2rx'
qpert: no visible global function definition for 'qbeta'
rpert: no visible global function definition for 'rbeta'
Undefined global functions or variables:
glob2rx pbeta qbeta rbeta
Consider adding
importFrom("stats", "pbeta", "qbeta", "rbeta")
importFrom("utils", "glob2rx")
to your NAMESPACE file.
Flavors: r-devel-linux-x86_64-debian-clang, r-devel-linux-x86_64-debian-gcc, r-devel-linux-x86_64-fedora-clang, r-devel-linux-x86_64-fedora-gcc, r-patched-linux-x86_64, r-release-linux-x86_64, r-release-macos-arm64, r-release-macos-x86_64, r-release-windows-x86_64, r-oldrel-macos-arm64, r-oldrel-macos-x86_64, r-oldrel-windows-ix86+x86_64
Version: 0.6-0
Check: compiled code
Result: NOTE
File ‘documair/libs/documair.so’:
Found no calls to: ‘R_registerRoutines’, ‘R_useDynamicSymbols’
It is good practice to register native routines and to disable symbol
search.
See ‘Writing portable packages’ in the ‘Writing R Extensions’ manual.
Flavors: r-devel-linux-x86_64-fedora-clang, r-devel-linux-x86_64-fedora-gcc