Last updated on 2022-04-24 03:52:23 CEST.
Flavor | Version | Tinstall | Tcheck | Ttotal | Status | Flags |
---|---|---|---|---|---|---|
r-devel-linux-x86_64-debian-clang | 0.6.5 | 5.66 | 63.94 | 69.60 | NOTE | |
r-devel-linux-x86_64-debian-gcc | 0.6.5 | 3.56 | 46.55 | 50.11 | NOTE | |
r-devel-linux-x86_64-fedora-clang | 0.6.5 | 83.99 | NOTE | |||
r-devel-linux-x86_64-fedora-gcc | 0.6.5 | 72.99 | NOTE | |||
r-patched-linux-x86_64 | 0.6.5 | 5.54 | 59.41 | 64.95 | NOTE | |
r-release-linux-x86_64 | 0.6.5 | 4.26 | 55.83 | 60.09 | NOTE | |
r-release-macos-arm64 | 0.6.5 | NOTE | ||||
r-release-macos-x86_64 | 0.6.5 | NOTE | ||||
r-release-windows-x86_64 | 0.6.5 | 28.00 | 78.00 | 106.00 | NOTE | |
r-oldrel-macos-arm64 | 0.6.5 | NOTE | ||||
r-oldrel-macos-x86_64 | 0.6.5 | NOTE | ||||
r-oldrel-windows-ix86+x86_64 | 0.6.5 | 12.00 | 68.00 | 80.00 | NOTE |
Version: 0.6.5
Check: LazyData
Result: NOTE
'LazyData' is specified without a 'data' directory
Flavors: r-devel-linux-x86_64-debian-clang, r-devel-linux-x86_64-debian-gcc, r-devel-linux-x86_64-fedora-clang, r-devel-linux-x86_64-fedora-gcc, r-patched-linux-x86_64, r-release-linux-x86_64, r-release-macos-arm64, r-release-macos-x86_64, r-release-windows-x86_64, r-oldrel-macos-arm64, r-oldrel-macos-x86_64, r-oldrel-windows-ix86+x86_64