Last updated on 2022-04-24 03:52:23 CEST.
| Flavor | Version | Tinstall | Tcheck | Ttotal | Status | Flags | 
|---|---|---|---|---|---|---|
| r-devel-linux-x86_64-debian-clang | 0.2.13 | 178.22 | 335.65 | 513.87 | NOTE | |
| r-devel-linux-x86_64-debian-gcc | 0.2.13 | 147.39 | 248.11 | 395.50 | NOTE | |
| r-devel-linux-x86_64-fedora-clang | 0.2.13 | 689.40 | NOTE | |||
| r-devel-linux-x86_64-fedora-gcc | 0.2.13 | 658.90 | NOTE | |||
| r-patched-linux-x86_64 | 0.2.13 | 148.83 | 324.91 | 473.74 | NOTE | |
| r-release-linux-x86_64 | 0.2.13 | 162.22 | 321.26 | 483.48 | NOTE | |
| r-release-macos-arm64 | 0.2.13 | NOTE | ||||
| r-release-macos-x86_64 | 0.2.13 | NOTE | ||||
| r-release-windows-x86_64 | 0.2.13 | 171.00 | 339.00 | 510.00 | NOTE | |
| r-oldrel-macos-arm64 | 0.2.13 | NOTE | ||||
| r-oldrel-macos-x86_64 | 0.2.13 | NOTE | ||||
| r-oldrel-windows-ix86+x86_64 | 0.2.13 | 399.00 | 505.00 | 904.00 | NOTE | 
Version: 0.2.13
Check: for GNU extensions in Makefiles
Result: NOTE
    GNU make is a SystemRequirements.
Flavors: r-devel-linux-x86_64-debian-clang, r-devel-linux-x86_64-debian-gcc, r-devel-linux-x86_64-fedora-clang, r-devel-linux-x86_64-fedora-gcc, r-patched-linux-x86_64, r-release-linux-x86_64, r-release-macos-arm64, r-release-macos-x86_64, r-release-windows-x86_64, r-oldrel-macos-arm64, r-oldrel-macos-x86_64, r-oldrel-windows-ix86+x86_64
Version: 0.2.13
Check: installed package size
Result: NOTE
      installed size is 14.1Mb
      sub-directories of 1Mb or more:
        doc    5.2Mb
        libs   8.3Mb
Flavors: r-devel-linux-x86_64-fedora-clang, r-release-macos-arm64, r-release-macos-x86_64, r-release-windows-x86_64, r-oldrel-macos-arm64, r-oldrel-macos-x86_64, r-oldrel-windows-ix86+x86_64