Last updated on 2022-04-24 03:52:23 CEST.
Flavor | Version | Tinstall | Tcheck | Ttotal | Status | Flags |
---|---|---|---|---|---|---|
r-devel-linux-x86_64-debian-clang | 0.3.0 | 2.30 | 39.00 | 41.30 | WARN | |
r-devel-linux-x86_64-debian-gcc | 0.3.0 | 1.70 | 29.91 | 31.61 | WARN | |
r-devel-linux-x86_64-fedora-clang | 0.3.0 | 51.23 | WARN | |||
r-devel-linux-x86_64-fedora-gcc | 0.3.0 | 41.44 | WARN | |||
r-patched-linux-x86_64 | 0.3.0 | 2.46 | 37.05 | 39.51 | OK | |
r-release-linux-x86_64 | 0.3.0 | 2.03 | 36.27 | 38.30 | OK | |
r-release-macos-arm64 | 0.3.0 | OK | ||||
r-release-macos-x86_64 | 0.3.0 | OK | ||||
r-release-windows-x86_64 | 0.3.0 | 9.00 | 57.00 | 66.00 | OK | |
r-oldrel-macos-arm64 | 0.3.0 | OK | ||||
r-oldrel-macos-x86_64 | 0.3.0 | OK | ||||
r-oldrel-windows-ix86+x86_64 | 0.3.0 | 6.00 | 47.00 | 53.00 | OK |
Version: 0.3.0
Check: Rd files
Result: WARN
checkRd: (7) domir-package.Rd:30: invalid email address: jluchman@gmail_com
Flavors: r-devel-linux-x86_64-debian-clang, r-devel-linux-x86_64-debian-gcc, r-devel-linux-x86_64-fedora-clang, r-devel-linux-x86_64-fedora-gcc