Last updated on 2022-04-24 03:52:23 CEST.
Flavor | Version | Tinstall | Tcheck | Ttotal | Status | Flags |
---|---|---|---|---|---|---|
r-devel-linux-x86_64-debian-clang | 1.0.1 | 13.02 | 132.38 | 145.40 | OK | |
r-devel-linux-x86_64-debian-gcc | 1.0.1 | 9.64 | 99.17 | 108.81 | OK | |
r-devel-linux-x86_64-fedora-clang | 1.0.1 | 173.96 | NOTE | |||
r-devel-linux-x86_64-fedora-gcc | 1.0.1 | 170.10 | OK | |||
r-patched-linux-x86_64 | 1.0.1 | 12.76 | 133.21 | 145.97 | OK | |
r-release-linux-x86_64 | 1.0.1 | 11.56 | 126.91 | 138.47 | OK | |
r-release-macos-arm64 | 1.0.1 | NOTE | ||||
r-release-macos-x86_64 | 1.0.1 | NOTE | ||||
r-release-windows-x86_64 | 1.0.1 | 40.00 | 123.00 | 163.00 | NOTE | |
r-oldrel-macos-arm64 | 1.0.1 | NOTE | ||||
r-oldrel-macos-x86_64 | 1.0.1 | NOTE | ||||
r-oldrel-windows-ix86+x86_64 | 1.0.1 | 21.00 | 112.00 | 133.00 | NOTE |
Version: 1.0.1
Check: installed package size
Result: NOTE
installed size is 6.5Mb
sub-directories of 1Mb or more:
R 2.1Mb
data 2.0Mb
extdata 2.3Mb
Flavors: r-devel-linux-x86_64-fedora-clang, r-release-macos-arm64, r-release-macos-x86_64, r-release-windows-x86_64, r-oldrel-macos-arm64, r-oldrel-macos-x86_64, r-oldrel-windows-ix86+x86_64