Last updated on 2022-04-24 03:52:23 CEST.
Flavor | Version | Tinstall | Tcheck | Ttotal | Status | Flags |
---|---|---|---|---|---|---|
r-devel-linux-x86_64-debian-clang | 1.0.0 | 16.18 | 318.05 | 334.23 | OK | |
r-devel-linux-x86_64-debian-gcc | 1.0.0 | 13.54 | 220.68 | 234.22 | OK | |
r-devel-linux-x86_64-fedora-clang | 1.0.0 | 390.83 | NOTE | |||
r-devel-linux-x86_64-fedora-gcc | 1.0.0 | 377.41 | NOTE | |||
r-patched-linux-x86_64 | 1.0.0 | 14.81 | 286.20 | 301.01 | OK | |
r-release-linux-x86_64 | 1.0.0 | 11.46 | 273.97 | 285.43 | OK | |
r-release-macos-arm64 | 1.0.0 | NOTE | ||||
r-release-macos-x86_64 | 1.0.0 | NOTE | ||||
r-release-windows-x86_64 | 1.0.0 | 23.00 | 310.00 | 333.00 | OK | |
r-oldrel-macos-arm64 | 1.0.0 | NOTE | ||||
r-oldrel-macos-x86_64 | 1.0.0 | NOTE | ||||
r-oldrel-windows-ix86+x86_64 | 1.0.0 | 31.00 | 315.00 | 346.00 | OK |
Version: 1.0.0
Check: dependencies in R code
Result: NOTE
Namespace in Imports field not imported from: ‘gridExtra’
All declared Imports should be used.
Flavors: r-devel-linux-x86_64-fedora-clang, r-devel-linux-x86_64-fedora-gcc, r-release-macos-arm64, r-release-macos-x86_64, r-oldrel-macos-arm64, r-oldrel-macos-x86_64