Last updated on 2022-04-24 03:52:23 CEST.
Flavor | Version | Tinstall | Tcheck | Ttotal | Status | Flags |
---|---|---|---|---|---|---|
r-devel-linux-x86_64-debian-clang | 0.1.0 | 2.34 | 33.11 | 35.45 | NOTE | |
r-devel-linux-x86_64-debian-gcc | 0.1.0 | 1.75 | 25.59 | 27.34 | NOTE | |
r-devel-linux-x86_64-fedora-clang | 0.1.0 | 44.73 | NOTE | |||
r-devel-linux-x86_64-fedora-gcc | 0.1.0 | 33.39 | NOTE | |||
r-patched-linux-x86_64 | 0.1.0 | 2.33 | 32.44 | 34.77 | NOTE | |
r-release-linux-x86_64 | 0.1.0 | 2.11 | 31.85 | 33.96 | NOTE | |
r-release-macos-arm64 | 0.1.0 | NOTE | ||||
r-release-macos-x86_64 | 0.1.0 | NOTE | ||||
r-release-windows-x86_64 | 0.1.0 | 16.00 | 50.00 | 66.00 | NOTE | |
r-oldrel-macos-arm64 | 0.1.0 | NOTE | ||||
r-oldrel-macos-x86_64 | 0.1.0 | NOTE | ||||
r-oldrel-windows-ix86+x86_64 | 0.1.0 | 4.00 | 48.00 | 52.00 | NOTE |
Version: 0.1.0
Check: LazyData
Result: NOTE
'LazyData' is specified without a 'data' directory
Flavors: r-devel-linux-x86_64-debian-clang, r-devel-linux-x86_64-debian-gcc, r-devel-linux-x86_64-fedora-clang, r-devel-linux-x86_64-fedora-gcc, r-patched-linux-x86_64, r-release-linux-x86_64, r-release-macos-arm64, r-release-macos-x86_64, r-release-windows-x86_64, r-oldrel-macos-arm64, r-oldrel-macos-x86_64, r-oldrel-windows-ix86+x86_64