Last updated on 2022-04-24 03:52:23 CEST.
Flavor | Version | Tinstall | Tcheck | Ttotal | Status | Flags |
---|---|---|---|---|---|---|
r-devel-linux-x86_64-debian-clang | 0.0.1 | 2.02 | 36.55 | 38.57 | OK | |
r-devel-linux-x86_64-debian-gcc | 0.0.1 | 1.40 | 29.35 | 30.75 | OK | |
r-devel-linux-x86_64-fedora-clang | 0.0.1 | 50.14 | NOTE | |||
r-devel-linux-x86_64-fedora-gcc | 0.0.1 | 38.65 | NOTE | |||
r-patched-linux-x86_64 | 0.0.1 | 1.95 | 36.98 | 38.93 | OK | |
r-release-linux-x86_64 | 0.0.1 | 1.96 | 36.45 | 38.41 | OK | |
r-release-macos-arm64 | 0.0.1 | NOTE | ||||
r-release-macos-x86_64 | 0.0.1 | NOTE | ||||
r-release-windows-x86_64 | 0.0.1 | 15.00 | 55.00 | 70.00 | OK | |
r-oldrel-macos-arm64 | 0.0.1 | NOTE | ||||
r-oldrel-macos-x86_64 | 0.0.1 | NOTE | ||||
r-oldrel-windows-ix86+x86_64 | 0.0.1 | 5.00 | 41.00 | 46.00 | OK |
Version: 0.0.1
Check: dependencies in R code
Result: NOTE
Namespace in Imports field not imported from: ‘R6’
All declared Imports should be used.
Flavors: r-devel-linux-x86_64-fedora-clang, r-devel-linux-x86_64-fedora-gcc, r-release-macos-arm64, r-release-macos-x86_64, r-oldrel-macos-arm64, r-oldrel-macos-x86_64