Last updated on 2022-04-24 03:52:23 CEST.
Flavor | Version | Tinstall | Tcheck | Ttotal | Status | Flags |
---|---|---|---|---|---|---|
r-devel-linux-x86_64-debian-clang | 0.7.4 | 7.80 | 164.55 | 172.35 | OK | |
r-devel-linux-x86_64-debian-gcc | 0.7.4 | 6.53 | 120.47 | 127.00 | OK | |
r-devel-linux-x86_64-fedora-clang | 0.7.4 | 209.34 | NOTE | |||
r-devel-linux-x86_64-fedora-gcc | 0.7.4 | 194.80 | OK | |||
r-patched-linux-x86_64 | 0.7.4 | 11.54 | 151.26 | 162.80 | OK | |
r-release-linux-x86_64 | 0.7.4 | 5.89 | 141.69 | 147.58 | OK | |
r-release-macos-arm64 | 0.7.4 | OK | ||||
r-release-macos-x86_64 | 0.7.4 | OK | ||||
r-release-windows-x86_64 | 0.7.4 | 23.00 | 180.00 | 203.00 | OK | |
r-oldrel-macos-arm64 | 0.7.4 | OK | ||||
r-oldrel-macos-x86_64 | 0.7.4 | OK | ||||
r-oldrel-windows-ix86+x86_64 | 0.7.4 | 26.00 | 168.00 | 194.00 | OK |
Version: 0.7.4
Check: Rd cross-references
Result: NOTE
Undeclared package ‘broomExtra’ in Rd xrefs
Flavor: r-devel-linux-x86_64-fedora-clang