Last updated on 2022-04-24 03:52:23 CEST.
Flavor | Version | Tinstall | Tcheck | Ttotal | Status | Flags |
---|---|---|---|---|---|---|
r-devel-linux-x86_64-debian-clang | 1.7 | 4.32 | 44.48 | 48.80 | NOTE | |
r-devel-linux-x86_64-debian-gcc | 1.7 | 4.18 | 32.68 | 36.86 | NOTE | |
r-devel-linux-x86_64-fedora-clang | 1.7 | 61.38 | NOTE | |||
r-devel-linux-x86_64-fedora-gcc | 1.7 | 50.46 | NOTE | |||
r-patched-linux-x86_64 | 1.7 | 5.80 | 42.28 | 48.08 | NOTE | |
r-release-linux-x86_64 | 1.7 | 5.14 | 40.80 | 45.94 | NOTE | |
r-release-macos-arm64 | 1.7 | NOTE | ||||
r-release-macos-x86_64 | 1.7 | NOTE | ||||
r-release-windows-x86_64 | 1.7 | 59.00 | 52.00 | 111.00 | NOTE | |
r-oldrel-macos-arm64 | 1.7 | NOTE | ||||
r-oldrel-macos-x86_64 | 1.7 | NOTE | ||||
r-oldrel-windows-ix86+x86_64 | 1.7 | 9.00 | 35.00 | 44.00 | NOTE |
Version: 1.7
Check: LazyData
Result: NOTE
'LazyData' is specified without a 'data' directory
Flavors: r-devel-linux-x86_64-debian-clang, r-devel-linux-x86_64-debian-gcc, r-devel-linux-x86_64-fedora-clang, r-devel-linux-x86_64-fedora-gcc, r-patched-linux-x86_64, r-release-linux-x86_64, r-release-macos-arm64, r-release-macos-x86_64, r-release-windows-x86_64, r-oldrel-macos-arm64, r-oldrel-macos-x86_64, r-oldrel-windows-ix86+x86_64