Last updated on 2022-04-24 03:52:24 CEST.
Flavor | Version | Tinstall | Tcheck | Ttotal | Status | Flags |
---|---|---|---|---|---|---|
r-devel-linux-x86_64-debian-clang | 0.3.1 | 2.82 | 50.54 | 53.36 | OK | |
r-devel-linux-x86_64-debian-gcc | 0.3.1 | 2.38 | 38.63 | 41.01 | OK | |
r-devel-linux-x86_64-fedora-clang | 0.3.1 | 65.82 | NOTE | |||
r-devel-linux-x86_64-fedora-gcc | 0.3.1 | 54.38 | OK | |||
r-patched-linux-x86_64 | 0.3.1 | 3.20 | 49.11 | 52.31 | OK | |
r-release-linux-x86_64 | 0.3.1 | 2.69 | 50.27 | 52.96 | OK | |
r-release-macos-arm64 | 0.3.1 | NOTE | ||||
r-release-macos-x86_64 | 0.3.1 | NOTE | ||||
r-release-windows-x86_64 | 0.3.1 | 27.00 | 83.00 | 110.00 | NOTE | |
r-oldrel-macos-arm64 | 0.3.1 | NOTE | ||||
r-oldrel-macos-x86_64 | 0.3.1 | NOTE | ||||
r-oldrel-windows-ix86+x86_64 | 0.3.1 | 7.00 | 63.00 | 70.00 | NOTE |
Version: 0.3.1
Check: installed package size
Result: NOTE
installed size is 5.3Mb
sub-directories of 1Mb or more:
assets 2.9Mb
doc 2.1Mb
Flavors: r-devel-linux-x86_64-fedora-clang, r-release-macos-arm64, r-release-macos-x86_64, r-release-windows-x86_64, r-oldrel-macos-arm64, r-oldrel-macos-x86_64, r-oldrel-windows-ix86+x86_64