Last updated on 2022-04-24 03:52:24 CEST.
Flavor | Version | Tinstall | Tcheck | Ttotal | Status | Flags |
---|---|---|---|---|---|---|
r-devel-linux-x86_64-debian-clang | 4.2-0 | 34.41 | 507.88 | 542.29 | OK | |
r-devel-linux-x86_64-debian-gcc | 4.2-0 | 26.04 | 353.61 | 379.65 | OK | |
r-devel-linux-x86_64-fedora-clang | 4.2-0 | 654.33 | OK | |||
r-devel-linux-x86_64-fedora-gcc | 4.2-0 | 639.29 | OK | |||
r-patched-linux-x86_64 | 4.2-0 | 34.39 | 473.66 | 508.05 | OK | |
r-release-linux-x86_64 | 4.2-0 | 26.50 | 460.95 | 487.45 | OK | |
r-release-macos-arm64 | 4.2-0 | OK | ||||
r-release-macos-x86_64 | 4.2-0 | WARN | --as-cran | |||
r-release-windows-x86_64 | 4.2-0 | 54.00 | 449.00 | 503.00 | OK | |
r-oldrel-macos-arm64 | 4.2-0 | OK | ||||
r-oldrel-macos-x86_64 | 4.2-0 | WARN | --as-cran | |||
r-oldrel-windows-ix86+x86_64 | 4.2-0 | 63.00 | 500.00 | 563.00 | OK |
Version: 4.2-0
Flags: --as-cran
Check: CRAN incoming feasibility
Result: WARN
Maintainer: ‘Charles Marsh <charliem2003@gmail.com>’
Insufficient package version (submitted: 4.2.0, existing: 4.2.0)
The Date field is over a month old.
This build time stamp is over a month old.
Flavors: r-release-macos-x86_64, r-oldrel-macos-x86_64