Last updated on 2022-04-24 03:52:24 CEST.
Flavor | Version | Tinstall | Tcheck | Ttotal | Status | Flags |
---|---|---|---|---|---|---|
r-devel-linux-x86_64-debian-clang | 1.0.8 | 20.90 | 295.46 | 316.36 | OK | |
r-devel-linux-x86_64-debian-gcc | 1.0.8 | 17.47 | 210.37 | 227.84 | OK | |
r-devel-linux-x86_64-fedora-clang | 1.0.8 | 372.82 | NOTE | |||
r-devel-linux-x86_64-fedora-gcc | 1.0.8 | 364.45 | NOTE | |||
r-patched-linux-x86_64 | 1.0.8 | 29.01 | 270.59 | 299.60 | OK | |
r-release-linux-x86_64 | 1.0.8 | 19.03 | 282.67 | 301.70 | OK | |
r-release-macos-arm64 | 1.0.8 | NOTE | ||||
r-release-macos-x86_64 | 1.0.8 | NOTE | ||||
r-release-windows-x86_64 | 1.0.8 | 149.00 | 342.00 | 491.00 | OK | |
r-oldrel-macos-arm64 | 1.0.8 | NOTE | ||||
r-oldrel-macos-x86_64 | 1.0.8 | NOTE | ||||
r-oldrel-windows-ix86+x86_64 | 1.0.8 | 43.00 | 516.00 | 559.00 | OK |
Version: 1.0.8
Check: data for non-ASCII characters
Result: NOTE
Note: found 4 marked UTF-8 strings
Flavors: r-devel-linux-x86_64-fedora-clang, r-devel-linux-x86_64-fedora-gcc, r-release-macos-arm64, r-release-macos-x86_64, r-oldrel-macos-arm64, r-oldrel-macos-x86_64