Last updated on 2022-04-24 03:52:24 CEST.
Flavor | Version | Tinstall | Tcheck | Ttotal | Status | Flags |
---|---|---|---|---|---|---|
r-devel-linux-x86_64-debian-clang | 0.4.1 | 10.28 | 85.65 | 95.93 | NOTE | |
r-devel-linux-x86_64-debian-gcc | 0.4.1 | 7.68 | 63.76 | 71.44 | NOTE | |
r-devel-linux-x86_64-fedora-clang | 0.4.1 | 121.30 | NOTE | |||
r-devel-linux-x86_64-fedora-gcc | 0.4.1 | 101.21 | NOTE | |||
r-patched-linux-x86_64 | 0.4.1 | 13.85 | 80.70 | 94.55 | NOTE | |
r-release-linux-x86_64 | 0.4.1 | 5.75 | 75.24 | 80.99 | NOTE | |
r-release-macos-arm64 | 0.4.1 | NOTE | ||||
r-release-macos-x86_64 | 0.4.1 | NOTE | ||||
r-release-windows-x86_64 | 0.4.1 | 54.00 | 101.00 | 155.00 | NOTE | |
r-oldrel-macos-arm64 | 0.4.1 | NOTE | ||||
r-oldrel-macos-x86_64 | 0.4.1 | NOTE | ||||
r-oldrel-windows-ix86+x86_64 | 0.4.1 | 20.00 | 91.00 | 111.00 | NOTE |
Version: 0.4.1
Check: LazyData
Result: NOTE
'LazyData' is specified without a 'data' directory
Flavors: r-devel-linux-x86_64-debian-clang, r-devel-linux-x86_64-debian-gcc, r-devel-linux-x86_64-fedora-clang, r-devel-linux-x86_64-fedora-gcc, r-patched-linux-x86_64, r-release-linux-x86_64, r-release-macos-arm64, r-release-macos-x86_64, r-release-windows-x86_64, r-oldrel-macos-arm64, r-oldrel-macos-x86_64, r-oldrel-windows-ix86+x86_64