Last updated on 2022-04-24 03:52:24 CEST.
Flavor | Version | Tinstall | Tcheck | Ttotal | Status | Flags |
---|---|---|---|---|---|---|
r-devel-linux-x86_64-debian-clang | 0.1.1 | 23.70 | 65.41 | 89.11 | OK | |
r-devel-linux-x86_64-debian-gcc | 0.1.1 | 18.98 | 48.55 | 67.53 | OK | |
r-devel-linux-x86_64-fedora-clang | 0.1.1 | 117.25 | NOTE | |||
r-devel-linux-x86_64-fedora-gcc | 0.1.1 | 103.26 | OK | |||
r-patched-linux-x86_64 | 0.1.1 | 19.98 | 62.62 | 82.60 | OK | |
r-release-linux-x86_64 | 0.1.1 | 19.68 | 49.74 | 69.42 | OK | |
r-release-macos-arm64 | 0.1.1 | OK | ||||
r-release-macos-x86_64 | 0.1.1 | OK | ||||
r-release-windows-x86_64 | 0.1.1 | 32.00 | 115.00 | 147.00 | OK | |
r-oldrel-macos-arm64 | 0.1.1 | OK | ||||
r-oldrel-macos-x86_64 | 0.1.1 | OK | ||||
r-oldrel-windows-ix86+x86_64 | 0.1.1 | 55.00 | 108.00 | 163.00 | OK |
Version: 0.1.1
Check: Rd cross-references
Result: NOTE
Undeclared package ‘RcppEigen’ in Rd xrefs
Flavor: r-devel-linux-x86_64-fedora-clang