Last updated on 2022-04-24 03:52:24 CEST.
| Flavor | Version | Tinstall | Tcheck | Ttotal | Status | Flags | 
|---|---|---|---|---|---|---|
| r-devel-linux-x86_64-debian-clang | 0.3.0 | 31.90 | 138.26 | 170.16 | OK | |
| r-devel-linux-x86_64-debian-gcc | 0.3.0 | 23.81 | 96.73 | 120.54 | OK | |
| r-devel-linux-x86_64-fedora-clang | 0.3.0 | 221.80 | NOTE | |||
| r-devel-linux-x86_64-fedora-gcc | 0.3.0 | 195.80 | OK | |||
| r-patched-linux-x86_64 | 0.3.0 | 29.04 | 140.17 | 169.21 | OK | |
| r-release-linux-x86_64 | 0.3.0 | 28.73 | 134.65 | 163.38 | OK | |
| r-release-macos-arm64 | 0.3.0 | OK | ||||
| r-release-macos-x86_64 | 0.3.0 | OK | ||||
| r-release-windows-x86_64 | 0.3.0 | 34.00 | 201.00 | 235.00 | OK | |
| r-oldrel-macos-arm64 | 0.3.0 | OK | ||||
| r-oldrel-macos-x86_64 | 0.3.0 | OK | ||||
| r-oldrel-windows-ix86+x86_64 | 0.3.0 | 70.00 | 232.00 | 302.00 | OK | 
Version: 0.3.0
Check: Rd cross-references
Result: NOTE
    Undeclared package ‘sitmo’ in Rd xrefs
Flavor: r-devel-linux-x86_64-fedora-clang