Last updated on 2022-04-24 03:52:24 CEST.
Flavor | Version | Tinstall | Tcheck | Ttotal | Status | Flags |
---|---|---|---|---|---|---|
r-devel-linux-x86_64-debian-clang | 0.2.4 | 140.33 | 38.67 | 179.00 | OK | |
r-devel-linux-x86_64-debian-gcc | 0.2.4 | 110.61 | 29.85 | 140.46 | OK | |
r-devel-linux-x86_64-fedora-clang | 0.2.4 | 285.86 | NOTE | |||
r-devel-linux-x86_64-fedora-gcc | 0.2.4 | 229.88 | OK | |||
r-patched-linux-x86_64 | 0.2.4 | 117.31 | 37.77 | 155.08 | OK | |
r-release-linux-x86_64 | 0.2.4 | 115.97 | 35.99 | 151.96 | OK | |
r-release-macos-arm64 | 0.2.4 | NOTE | ||||
r-release-macos-x86_64 | 0.2.4 | NOTE | ||||
r-release-windows-x86_64 | 0.2.4 | 235.00 | 93.00 | 328.00 | OK | |
r-oldrel-macos-arm64 | 0.2.4 | NOTE | ||||
r-oldrel-macos-x86_64 | 0.2.4 | NOTE | ||||
r-oldrel-windows-ix86+x86_64 | 0.2.4 | 304.00 | 81.00 | 385.00 | OK |
Version: 0.2.4
Check: installed package size
Result: NOTE
installed size is 9.2Mb
sub-directories of 1Mb or more:
libs 9.1Mb
Flavors: r-devel-linux-x86_64-fedora-clang, r-release-macos-arm64, r-release-macos-x86_64, r-oldrel-macos-arm64, r-oldrel-macos-x86_64