Last updated on 2022-04-24 03:52:24 CEST.
Flavor | Version | Tinstall | Tcheck | Ttotal | Status | Flags |
---|---|---|---|---|---|---|
r-devel-linux-x86_64-debian-clang | 1.2.1 | 28.99 | 130.66 | 159.65 | OK | |
r-devel-linux-x86_64-debian-gcc | 1.2.1 | 22.35 | 98.79 | 121.14 | OK | |
r-devel-linux-x86_64-fedora-clang | 1.2.1 | 200.03 | NOTE | |||
r-devel-linux-x86_64-fedora-gcc | 1.2.1 | 192.93 | NOTE | |||
r-patched-linux-x86_64 | 1.2.1 | 19.48 | 127.00 | 146.48 | OK | |
r-release-linux-x86_64 | 1.2.1 | 18.07 | 121.89 | 139.96 | OK | |
r-release-macos-arm64 | 1.2.1 | NOTE | ||||
r-release-macos-x86_64 | 1.2.1 | NOTE | ||||
r-release-windows-x86_64 | 1.2.1 | 62.00 | 155.00 | 217.00 | OK | |
r-oldrel-macos-arm64 | 1.2.1 | NOTE | ||||
r-oldrel-macos-x86_64 | 1.2.1 | NOTE | ||||
r-oldrel-windows-ix86+x86_64 | 1.2.1 | 48.00 | 144.00 | 192.00 | OK |
Version: 1.2.1
Check: package dependencies
Result: NOTE
Imports includes 32 non-default packages.
Importing from so many packages makes the package vulnerable to any of
them becoming unavailable. Move as many as possible to Suggests and
use conditionally.
Flavor: r-devel-linux-x86_64-fedora-clang
Version: 1.2.1
Check: dependencies in R code
Result: NOTE
Namespace in Imports field not imported from: ‘htmltools’
All declared Imports should be used.
Flavors: r-devel-linux-x86_64-fedora-clang, r-devel-linux-x86_64-fedora-gcc, r-release-macos-arm64, r-release-macos-x86_64, r-oldrel-macos-arm64, r-oldrel-macos-x86_64