Last updated on 2022-04-24 03:52:24 CEST.
Flavor | Version | Tinstall | Tcheck | Ttotal | Status | Flags |
---|---|---|---|---|---|---|
r-devel-linux-x86_64-debian-clang | 0.1.6 | 2.18 | 36.35 | 38.53 | OK | |
r-devel-linux-x86_64-debian-gcc | 0.1.6 | 1.59 | 27.78 | 29.37 | OK | |
r-devel-linux-x86_64-fedora-clang | 0.1.6 | 47.50 | NOTE | |||
r-devel-linux-x86_64-fedora-gcc | 0.1.6 | 36.66 | NOTE | |||
r-patched-linux-x86_64 | 0.1.6 | 1.99 | 35.07 | 37.06 | OK | |
r-release-linux-x86_64 | 0.1.6 | 1.61 | 33.28 | 34.89 | OK | |
r-release-macos-arm64 | 0.1.6 | NOTE | ||||
r-release-macos-x86_64 | 0.1.6 | NOTE | ||||
r-release-windows-x86_64 | 0.1.6 | 13.00 | 56.00 | 69.00 | OK | |
r-oldrel-macos-arm64 | 0.1.6 | NOTE | ||||
r-oldrel-macos-x86_64 | 0.1.6 | NOTE | ||||
r-oldrel-windows-ix86+x86_64 | 0.1.6 | 5.00 | 45.00 | 50.00 | OK |
Version: 0.1.6
Check: data for non-ASCII characters
Result: NOTE
Note: found 100 marked UTF-8 strings
Flavors: r-devel-linux-x86_64-fedora-clang, r-devel-linux-x86_64-fedora-gcc, r-release-macos-arm64, r-release-macos-x86_64, r-oldrel-macos-arm64, r-oldrel-macos-x86_64