Last updated on 2022-04-24 03:52:24 CEST.
Flavor | Version | Tinstall | Tcheck | Ttotal | Status | Flags |
---|---|---|---|---|---|---|
r-devel-linux-x86_64-debian-clang | 1.0.0 | 2.39 | 34.30 | 36.69 | NOTE | |
r-devel-linux-x86_64-debian-gcc | 1.0.0 | 1.68 | 26.39 | 28.07 | NOTE | |
r-devel-linux-x86_64-fedora-clang | 1.0.0 | 45.46 | NOTE | |||
r-devel-linux-x86_64-fedora-gcc | 1.0.0 | 34.30 | NOTE | |||
r-patched-linux-x86_64 | 1.0.0 | 2.42 | 32.65 | 35.07 | NOTE | |
r-release-linux-x86_64 | 1.0.0 | 1.94 | 32.28 | 34.22 | NOTE | |
r-release-macos-arm64 | 1.0.0 | NOTE | ||||
r-release-macos-x86_64 | 1.0.0 | NOTE | ||||
r-release-windows-x86_64 | 1.0.0 | 16.00 | 51.00 | 67.00 | NOTE | |
r-oldrel-macos-arm64 | 1.0.0 | NOTE | ||||
r-oldrel-macos-x86_64 | 1.0.0 | NOTE | ||||
r-oldrel-windows-ix86+x86_64 | 1.0.0 | 5.00 | 33.00 | 38.00 | NOTE |
Version: 1.0.0
Check: LazyData
Result: NOTE
'LazyData' is specified without a 'data' directory
Flavors: r-devel-linux-x86_64-debian-clang, r-devel-linux-x86_64-debian-gcc, r-devel-linux-x86_64-fedora-clang, r-devel-linux-x86_64-fedora-gcc, r-patched-linux-x86_64, r-release-linux-x86_64, r-release-macos-arm64, r-release-macos-x86_64, r-release-windows-x86_64, r-oldrel-macos-arm64, r-oldrel-macos-x86_64, r-oldrel-windows-ix86+x86_64
Version: 1.0.0
Check: for non-standard things in the check directory
Result: NOTE
Found the following files/directories:
'drawBox.pdf' 'drawCircle.pdf' 'drawCurve.pdf' 'drawLine.pdf'
'drawPoint.pdf' 'drawSettingsExample.pdf' 'drawText.pdf' 'export.pdf'
Flavors: r-devel-linux-x86_64-debian-clang, r-devel-linux-x86_64-debian-gcc, r-devel-linux-x86_64-fedora-clang, r-devel-linux-x86_64-fedora-gcc, r-patched-linux-x86_64, r-release-linux-x86_64