Last updated on 2022-04-24 03:52:24 CEST.
Flavor | Version | Tinstall | Tcheck | Ttotal | Status | Flags |
---|---|---|---|---|---|---|
r-devel-linux-x86_64-debian-clang | 1.0.0 | 13.55 | 130.84 | 144.39 | OK | |
r-devel-linux-x86_64-debian-gcc | 1.0.0 | 10.63 | 94.78 | 105.41 | OK | |
r-devel-linux-x86_64-fedora-clang | 1.0.0 | 170.84 | NOTE | |||
r-devel-linux-x86_64-fedora-gcc | 1.0.0 | 165.02 | NOTE | |||
r-patched-linux-x86_64 | 1.0.0 | 14.35 | 122.25 | 136.60 | OK | |
r-release-linux-x86_64 | 1.0.0 | 13.10 | 118.80 | 131.90 | OK | |
r-release-macos-arm64 | 1.0.0 | NOTE | ||||
r-release-macos-x86_64 | 1.0.0 | NOTE | ||||
r-release-windows-x86_64 | 1.0.0 | 17.00 | 124.00 | 141.00 | OK | |
r-oldrel-macos-arm64 | 1.0.0 | NOTE | ||||
r-oldrel-macos-x86_64 | 1.0.0 | NOTE | ||||
r-oldrel-windows-ix86+x86_64 | 1.0.0 | 25.00 | 115.00 | 140.00 | OK |
Version: 1.0.0
Check: dependencies in R code
Result: NOTE
Namespaces in Imports field not imported from:
‘magrittr’ ‘purrr’ ‘rlang’
All declared Imports should be used.
Flavors: r-devel-linux-x86_64-fedora-clang, r-devel-linux-x86_64-fedora-gcc, r-release-macos-arm64, r-release-macos-x86_64, r-oldrel-macos-arm64, r-oldrel-macos-x86_64
Version: 1.0.0
Check: Rd cross-references
Result: NOTE
Undeclared package ‘SimMultiCorrData’ in Rd xrefs
Flavor: r-devel-linux-x86_64-fedora-clang