Last updated on 2022-04-24 03:52:24 CEST.
Flavor | Version | Tinstall | Tcheck | Ttotal | Status | Flags |
---|---|---|---|---|---|---|
r-devel-linux-x86_64-debian-clang | 1.2.3 | 7.64 | 55.30 | 62.94 | NOTE | |
r-devel-linux-x86_64-debian-gcc | 1.2.3 | 5.53 | 41.72 | 47.25 | NOTE | |
r-devel-linux-x86_64-fedora-clang | 1.2.3 | 78.51 | NOTE | |||
r-devel-linux-x86_64-fedora-gcc | 1.2.3 | 67.75 | NOTE | |||
r-patched-linux-x86_64 | 1.2.3 | 6.52 | 53.41 | 59.93 | NOTE | |
r-release-linux-x86_64 | 1.2.3 | 6.45 | 52.33 | 58.78 | NOTE | |
r-release-macos-arm64 | 1.2.3 | NOTE | ||||
r-release-macos-x86_64 | 1.2.3 | NOTE | ||||
r-release-windows-x86_64 | 1.2.3 | 35.00 | 73.00 | 108.00 | NOTE | |
r-oldrel-macos-arm64 | 1.2.3 | NOTE | ||||
r-oldrel-macos-x86_64 | 1.2.3 | NOTE | ||||
r-oldrel-windows-ix86+x86_64 | 1.2.3 | 12.00 | 62.00 | 74.00 | NOTE |
Version: 1.2.3
Check: LazyData
Result: NOTE
'LazyData' is specified without a 'data' directory
Flavors: r-devel-linux-x86_64-debian-clang, r-devel-linux-x86_64-debian-gcc, r-devel-linux-x86_64-fedora-clang, r-devel-linux-x86_64-fedora-gcc, r-patched-linux-x86_64, r-release-linux-x86_64, r-release-macos-arm64, r-release-macos-x86_64, r-release-windows-x86_64, r-oldrel-macos-arm64, r-oldrel-macos-x86_64, r-oldrel-windows-ix86+x86_64