Last updated on 2022-04-24 03:52:24 CEST.
Flavor | Version | Tinstall | Tcheck | Ttotal | Status | Flags |
---|---|---|---|---|---|---|
r-devel-linux-x86_64-debian-clang | 0.2.1 | 6.82 | 116.67 | 123.49 | NOTE | |
r-devel-linux-x86_64-debian-gcc | 0.2.1 | 4.52 | 89.79 | 94.31 | NOTE | |
r-devel-linux-x86_64-fedora-clang | 0.2.1 | 142.54 | NOTE | |||
r-devel-linux-x86_64-fedora-gcc | 0.2.1 | 135.85 | NOTE | |||
r-patched-linux-x86_64 | 0.2.1 | 5.52 | 110.56 | 116.08 | NOTE | |
r-release-linux-x86_64 | 0.2.1 | 3.66 | 107.65 | 111.31 | NOTE | |
r-release-macos-arm64 | 0.2.1 | NOTE | ||||
r-release-macos-x86_64 | 0.2.1 | NOTE | ||||
r-release-windows-x86_64 | 0.2.1 | 23.00 | 112.00 | 135.00 | NOTE | |
r-oldrel-macos-arm64 | 0.2.1 | NOTE | ||||
r-oldrel-macos-x86_64 | 0.2.1 | NOTE | ||||
r-oldrel-windows-ix86+x86_64 | 0.2.1 | 14.00 | 87.00 | 101.00 | NOTE |
Version: 0.2.1
Check: LazyData
Result: NOTE
'LazyData' is specified without a 'data' directory
Flavors: r-devel-linux-x86_64-debian-clang, r-devel-linux-x86_64-debian-gcc, r-devel-linux-x86_64-fedora-clang, r-devel-linux-x86_64-fedora-gcc, r-patched-linux-x86_64, r-release-linux-x86_64, r-release-macos-arm64, r-release-macos-x86_64, r-release-windows-x86_64, r-oldrel-macos-arm64, r-oldrel-macos-x86_64, r-oldrel-windows-ix86+x86_64