Last updated on 2022-04-24 03:52:24 CEST.
Flavor | Version | Tinstall | Tcheck | Ttotal | Status | Flags |
---|---|---|---|---|---|---|
r-devel-linux-x86_64-debian-clang | 0.3.0 | 15.20 | 184.71 | 199.91 | OK | |
r-devel-linux-x86_64-debian-gcc | 0.3.0 | 12.13 | 139.75 | 151.88 | OK | |
r-devel-linux-x86_64-fedora-clang | 0.3.0 | 260.58 | NOTE | |||
r-devel-linux-x86_64-fedora-gcc | 0.3.0 | 255.92 | OK | |||
r-patched-linux-x86_64 | 0.3.0 | 16.70 | 175.38 | 192.08 | OK | |
r-release-linux-x86_64 | 0.3.0 | 9.49 | 170.36 | 179.85 | OK | |
r-release-macos-arm64 | 0.3.0 | NOTE | ||||
r-release-macos-x86_64 | 0.3.0 | NOTE | ||||
r-release-windows-x86_64 | 0.3.0 | 30.00 | 194.00 | 224.00 | NOTE | |
r-oldrel-macos-arm64 | 0.3.0 | NOTE | ||||
r-oldrel-macos-x86_64 | 0.3.0 | NOTE | ||||
r-oldrel-windows-ix86+x86_64 | 0.3.0 | 28.00 | 191.00 | 219.00 | NOTE |
Version: 0.3.0
Check: installed package size
Result: NOTE
installed size is 5.5Mb
sub-directories of 1Mb or more:
data 1.7Mb
extdata 3.2Mb
Flavors: r-devel-linux-x86_64-fedora-clang, r-release-macos-arm64, r-release-macos-x86_64, r-release-windows-x86_64, r-oldrel-macos-arm64, r-oldrel-macos-x86_64, r-oldrel-windows-ix86+x86_64