Last updated on 2022-04-24 03:52:24 CEST.
Flavor | Version | Tinstall | Tcheck | Ttotal | Status | Flags |
---|---|---|---|---|---|---|
r-devel-linux-x86_64-debian-clang | 1.3.2 | 8.55 | 42.12 | 50.67 | OK | |
r-devel-linux-x86_64-debian-gcc | 1.3.2 | 5.57 | 31.35 | 36.92 | OK | |
r-devel-linux-x86_64-fedora-clang | 1.3.2 | 63.86 | NOTE | |||
r-devel-linux-x86_64-fedora-gcc | 1.3.2 | 48.66 | NOTE | |||
r-patched-linux-x86_64 | 1.3.2 | 5.59 | 39.80 | 45.39 | OK | |
r-release-linux-x86_64 | 1.3.2 | 6.30 | 39.73 | 46.03 | OK | |
r-release-macos-arm64 | 1.3.2 | OK | ||||
r-release-macos-x86_64 | 1.3.2 | OK | ||||
r-release-windows-x86_64 | 1.3.2 | 21.00 | 56.00 | 77.00 | OK | |
r-oldrel-macos-arm64 | 1.3.2 | OK | ||||
r-oldrel-macos-x86_64 | 1.3.2 | OK | ||||
r-oldrel-windows-ix86+x86_64 | 1.3.2 | 11.00 | 41.00 | 52.00 | OK |
Version: 1.3.2
Check: compiled code
Result: NOTE
File ‘drmdel/libs/drmdel.so’:
Found no calls to: ‘R_registerRoutines’, ‘R_useDynamicSymbols’
It is good practice to register native routines and to disable symbol
search.
See ‘Writing portable packages’ in the ‘Writing R Extensions’ manual.
Flavors: r-devel-linux-x86_64-fedora-clang, r-devel-linux-x86_64-fedora-gcc