Last updated on 2022-04-24 03:52:24 CEST.
Flavor | Version | Tinstall | Tcheck | Ttotal | Status | Flags |
---|---|---|---|---|---|---|
r-devel-linux-x86_64-debian-clang | 0.0.4 | 13.18 | 139.47 | 152.65 | OK | |
r-devel-linux-x86_64-debian-gcc | 0.0.4 | 11.42 | 104.19 | 115.61 | OK | |
r-devel-linux-x86_64-fedora-clang | 0.0.4 | 185.16 | NOTE | |||
r-devel-linux-x86_64-fedora-gcc | 0.0.4 | 178.27 | OK | |||
r-patched-linux-x86_64 | 0.0.4 | 13.42 | 128.59 | 142.01 | OK | |
r-release-linux-x86_64 | 0.0.4 | 10.47 | 122.70 | 133.17 | OK | |
r-release-macos-arm64 | 0.0.4 | OK | ||||
r-release-macos-x86_64 | 0.0.4 | OK | ||||
r-release-windows-x86_64 | 0.0.4 | 29.00 | 168.00 | 197.00 | OK | |
r-oldrel-macos-arm64 | 0.0.4 | OK | ||||
r-oldrel-macos-x86_64 | 0.0.4 | OK | ||||
r-oldrel-windows-ix86+x86_64 | 0.0.4 | 29.00 | 147.00 | 176.00 | OK |
Version: 0.0.4
Check: Rd cross-references
Result: NOTE
Undeclared package ‘data.table’ in Rd xrefs
Flavor: r-devel-linux-x86_64-fedora-clang