Last updated on 2022-04-24 03:52:24 CEST.
Flavor | Version | Tinstall | Tcheck | Ttotal | Status | Flags |
---|---|---|---|---|---|---|
r-devel-linux-x86_64-debian-clang | 0.1.0 | 2.21 | 31.24 | 33.45 | NOTE | |
r-devel-linux-x86_64-debian-gcc | 0.1.0 | 2.09 | 23.98 | 26.07 | NOTE | |
r-devel-linux-x86_64-fedora-clang | 0.1.0 | 40.82 | NOTE | |||
r-devel-linux-x86_64-fedora-gcc | 0.1.0 | 29.85 | NOTE | |||
r-patched-linux-x86_64 | 0.1.0 | 2.72 | 29.90 | 32.62 | NOTE | |
r-release-linux-x86_64 | 0.1.0 | 2.50 | 28.93 | 31.43 | NOTE | |
r-release-macos-arm64 | 0.1.0 | NOTE | ||||
r-release-macos-x86_64 | 0.1.0 | NOTE | ||||
r-release-windows-x86_64 | 0.1.0 | 18.00 | 47.00 | 65.00 | NOTE | |
r-oldrel-macos-arm64 | 0.1.0 | NOTE | ||||
r-oldrel-macos-x86_64 | 0.1.0 | NOTE | ||||
r-oldrel-windows-ix86+x86_64 | 0.1.0 | 6.00 | 37.00 | 43.00 | NOTE |
Version: 0.1.0
Check: LazyData
Result: NOTE
'LazyData' is specified without a 'data' directory
Flavors: r-devel-linux-x86_64-debian-clang, r-devel-linux-x86_64-debian-gcc, r-devel-linux-x86_64-fedora-clang, r-devel-linux-x86_64-fedora-gcc, r-patched-linux-x86_64, r-release-linux-x86_64, r-release-macos-arm64, r-release-macos-x86_64, r-release-windows-x86_64, r-oldrel-macos-arm64, r-oldrel-macos-x86_64, r-oldrel-windows-ix86+x86_64