Last updated on 2022-04-24 03:52:24 CEST.
Flavor | Version | Tinstall | Tcheck | Ttotal | Status | Flags |
---|---|---|---|---|---|---|
r-devel-linux-x86_64-debian-clang | 0.91.2.2 | 2.03 | 31.14 | 33.17 | NOTE | |
r-devel-linux-x86_64-debian-gcc | 0.91.2.2 | 1.67 | 23.58 | 25.25 | NOTE | |
r-devel-linux-x86_64-fedora-clang | 0.91.2.2 | 39.88 | NOTE | |||
r-devel-linux-x86_64-fedora-gcc | 0.91.2.2 | 30.19 | NOTE | |||
r-patched-linux-x86_64 | 0.91.2.2 | 1.69 | 29.28 | 30.97 | NOTE | |
r-release-linux-x86_64 | 0.91.2.2 | 1.81 | 29.40 | 31.21 | NOTE | |
r-release-macos-arm64 | 0.91.2.2 | NOTE | ||||
r-release-macos-x86_64 | 0.91.2.2 | NOTE | ||||
r-release-windows-x86_64 | 0.91.2.2 | 10.00 | 52.00 | 62.00 | NOTE | |
r-oldrel-macos-arm64 | 0.91.2.2 | NOTE | ||||
r-oldrel-macos-x86_64 | 0.91.2.2 | NOTE | ||||
r-oldrel-windows-ix86+x86_64 | 0.91.2.2 | 4.00 | 35.00 | 39.00 | NOTE |
Version: 0.91.2.2
Check: DESCRIPTION meta-information
Result: NOTE
BugReports field is not a suitable URL but appears to contain an email address
not specified by mailto: nor contained in < >
use the Contact field instead
Flavors: r-devel-linux-x86_64-debian-clang, r-devel-linux-x86_64-debian-gcc, r-devel-linux-x86_64-fedora-clang, r-devel-linux-x86_64-fedora-gcc, r-patched-linux-x86_64, r-release-linux-x86_64, r-release-macos-arm64, r-release-macos-x86_64, r-release-windows-x86_64, r-oldrel-macos-arm64, r-oldrel-macos-x86_64, r-oldrel-windows-ix86+x86_64