Last updated on 2022-04-24 03:52:24 CEST.
Flavor | Version | Tinstall | Tcheck | Ttotal | Status | Flags |
---|---|---|---|---|---|---|
r-devel-linux-x86_64-debian-clang | 1.4.0 | 34.96 | 88.53 | 123.49 | WARN | |
r-devel-linux-x86_64-debian-gcc | 1.4.0 | 25.57 | 65.42 | 90.99 | OK | |
r-devel-linux-x86_64-fedora-clang | 1.4.0 | 164.43 | WARN | |||
r-devel-linux-x86_64-fedora-gcc | 1.4.0 | 145.76 | OK | |||
r-patched-linux-x86_64 | 1.4.0 | 29.44 | 83.54 | 112.98 | OK | |
r-release-linux-x86_64 | 1.4.0 | 27.56 | 78.79 | 106.35 | OK | |
r-release-macos-arm64 | 1.4.0 | OK | ||||
r-release-macos-x86_64 | 1.4.0 | OK | ||||
r-release-windows-x86_64 | 1.4.0 | 40.00 | 134.00 | 174.00 | OK | |
r-oldrel-macos-arm64 | 1.4.0 | OK | ||||
r-oldrel-macos-x86_64 | 1.4.0 | OK | ||||
r-oldrel-windows-ix86+x86_64 | 1.4.0 | 85.00 | 133.00 | 218.00 | OK |
Version: 1.4.0
Check: whether package can be installed
Result: WARN
Found the following significant warnings:
dscore.cpp:135:9: warning: use of bitwise '|' with boolean operands [-Wbitwise-instead-of-logical]
Flavors: r-devel-linux-x86_64-debian-clang, r-devel-linux-x86_64-fedora-clang