Last updated on 2022-04-24 03:52:24 CEST.
Flavor | Version | Tinstall | Tcheck | Ttotal | Status | Flags |
---|---|---|---|---|---|---|
r-devel-linux-x86_64-debian-clang | 2020.2-1 | 16.60 | 200.89 | 217.49 | OK | |
r-devel-linux-x86_64-debian-gcc | 2020.2-1 | 14.82 | 135.46 | 150.28 | OK | |
r-devel-linux-x86_64-fedora-clang | 2020.2-1 | 248.19 | NOTE | |||
r-devel-linux-x86_64-fedora-gcc | 2020.2-1 | 1201.15 | NOTE | |||
r-patched-linux-x86_64 | 2020.2-1 | 19.39 | 183.72 | 203.11 | OK | |
r-release-linux-x86_64 | 2020.2-1 | 14.23 | 123.04 | 137.27 | OK | |
r-release-macos-arm64 | 2020.2-1 | OK | ||||
r-release-macos-x86_64 | 2020.2-1 | OK | ||||
r-release-windows-x86_64 | 2020.2-1 | 88.00 | 254.00 | 342.00 | OK | |
r-oldrel-macos-arm64 | 2020.2-1 | OK | ||||
r-oldrel-macos-x86_64 | 2020.2-1 | OK | ||||
r-oldrel-windows-ix86+x86_64 | 2020.2-1 | 31.00 | 183.00 | 214.00 | OK |
Version: 2020.2-1
Check: Rd cross-references
Result: NOTE
Undeclared package ‘EvalEst’ in Rd xrefs
Flavor: r-devel-linux-x86_64-fedora-clang
Version: 2020.2-1
Check: compiled code
Result: NOTE
File ‘dse/libs/dse.so’:
Found no calls to: ‘R_registerRoutines’, ‘R_useDynamicSymbols’
It is good practice to register native routines and to disable symbol
search.
See ‘Writing portable packages’ in the ‘Writing R Extensions’ manual.
Flavors: r-devel-linux-x86_64-fedora-clang, r-devel-linux-x86_64-fedora-gcc