Last updated on 2022-04-24 03:52:24 CEST.
Flavor | Version | Tinstall | Tcheck | Ttotal | Status | Flags |
---|---|---|---|---|---|---|
r-devel-linux-x86_64-debian-clang | 0.7.4 | 4.48 | 38.94 | 43.42 | OK | |
r-devel-linux-x86_64-debian-gcc | 0.7.4 | 3.91 | 30.12 | 34.03 | OK | |
r-devel-linux-x86_64-fedora-clang | 0.7.4 | 53.35 | NOTE | |||
r-devel-linux-x86_64-fedora-gcc | 0.7.4 | 43.22 | NOTE | |||
r-patched-linux-x86_64 | 0.7.4 | 5.55 | 36.87 | 42.42 | OK | |
r-release-linux-x86_64 | 0.7.4 | 4.90 | 36.44 | 41.34 | OK | |
r-release-macos-arm64 | 0.7.4 | NOTE | ||||
r-release-macos-x86_64 | 0.7.4 | NOTE | ||||
r-release-windows-x86_64 | 0.7.4 | 38.00 | 62.00 | 100.00 | OK | |
r-oldrel-macos-arm64 | 0.7.4 | NOTE | ||||
r-oldrel-macos-x86_64 | 0.7.4 | NOTE | ||||
r-oldrel-windows-ix86+x86_64 | 0.7.4 | 9.00 | 52.00 | 61.00 | OK |
Version: 0.7.4
Check: data for non-ASCII characters
Result: NOTE
Note: found 4891 marked UTF-8 strings
Flavors: r-devel-linux-x86_64-fedora-clang, r-devel-linux-x86_64-fedora-gcc, r-release-macos-arm64, r-release-macos-x86_64, r-oldrel-macos-arm64, r-oldrel-macos-x86_64