Last updated on 2022-04-24 03:52:24 CEST.
Flavor | Version | Tinstall | Tcheck | Ttotal | Status | Flags |
---|---|---|---|---|---|---|
r-devel-linux-x86_64-debian-clang | 5.5.10 | 169.87 | 409.66 | 579.53 | NOTE | |
r-devel-linux-x86_64-debian-gcc | 5.5.10 | 142.30 | 299.48 | 441.78 | NOTE | |
r-devel-linux-x86_64-fedora-clang | 5.5.10 | 819.12 | NOTE | |||
r-devel-linux-x86_64-fedora-gcc | 5.5.10 | 738.49 | NOTE | |||
r-patched-linux-x86_64 | 5.5.10 | 149.26 | 387.62 | 536.88 | NOTE | |
r-release-linux-x86_64 | 5.5.10 | 142.09 | 385.22 | 527.31 | NOTE | |
r-release-macos-arm64 | 5.5.10 | NOTE | ||||
r-release-macos-x86_64 | 5.5.10 | NOTE | ||||
r-release-windows-x86_64 | 5.5.10 | 206.00 | 428.00 | 634.00 | NOTE | |
r-oldrel-macos-arm64 | 5.5.10 | NOTE | ||||
r-oldrel-macos-x86_64 | 5.5.10 | NOTE | ||||
r-oldrel-windows-ix86+x86_64 | 5.5.10 | 423.00 | 601.00 | 1024.00 | NOTE |
Version: 5.5.10
Check: for GNU extensions in Makefiles
Result: NOTE
GNU make is a SystemRequirements.
Flavors: r-devel-linux-x86_64-debian-clang, r-devel-linux-x86_64-debian-gcc, r-devel-linux-x86_64-fedora-clang, r-devel-linux-x86_64-fedora-gcc, r-patched-linux-x86_64, r-release-linux-x86_64, r-release-macos-arm64, r-release-macos-x86_64, r-release-windows-x86_64, r-oldrel-macos-arm64, r-oldrel-macos-x86_64, r-oldrel-windows-ix86+x86_64
Version: 5.5.10
Check: installed package size
Result: NOTE
installed size is 7.9Mb
sub-directories of 1Mb or more:
doc 2.4Mb
libs 4.2Mb
Flavors: r-devel-linux-x86_64-fedora-clang, r-release-macos-arm64, r-release-macos-x86_64, r-oldrel-macos-arm64, r-oldrel-macos-x86_64, r-oldrel-windows-ix86+x86_64