Last updated on 2022-04-24 03:52:24 CEST.
Flavor | Version | Tinstall | Tcheck | Ttotal | Status | Flags |
---|---|---|---|---|---|---|
r-devel-linux-x86_64-debian-clang | 0.6.7 | 3.29 | 44.39 | 47.68 | OK | |
r-devel-linux-x86_64-debian-gcc | 0.6.7 | 1.74 | 33.96 | 35.70 | OK | |
r-devel-linux-x86_64-fedora-clang | 0.6.7 | 60.43 | NOTE | |||
r-devel-linux-x86_64-fedora-gcc | 0.6.7 | 47.69 | NOTE | |||
r-patched-linux-x86_64 | 0.6.7 | 1.90 | 42.65 | 44.55 | OK | |
r-release-linux-x86_64 | 0.6.7 | 1.73 | 42.87 | 44.60 | OK | |
r-release-macos-arm64 | 0.6.7 | NOTE | ||||
r-release-macos-x86_64 | 0.6.7 | NOTE | ||||
r-release-windows-x86_64 | 0.6.7 | 23.00 | 71.00 | 94.00 | OK | |
r-oldrel-macos-arm64 | 0.6.7 | NOTE | ||||
r-oldrel-macos-x86_64 | 0.6.7 | NOTE | ||||
r-oldrel-windows-ix86+x86_64 | 0.6.7 | 6.00 | 53.00 | 59.00 | OK |
Version: 0.6.7
Check: dependencies in R code
Result: NOTE
Namespaces in Imports field not imported from:
‘digest’ ‘dplyr’
All declared Imports should be used.
Flavors: r-devel-linux-x86_64-fedora-clang, r-devel-linux-x86_64-fedora-gcc, r-release-macos-arm64, r-release-macos-x86_64, r-oldrel-macos-arm64, r-oldrel-macos-x86_64