Last updated on 2022-04-24 03:52:24 CEST.
Flavor | Version | Tinstall | Tcheck | Ttotal | Status | Flags |
---|---|---|---|---|---|---|
r-devel-linux-x86_64-debian-clang | 0.3.2-2 | 1999.65 | 64.43 | 2064.08 | OK | |
r-devel-linux-x86_64-debian-gcc | 0.3.2-2 | 1452.51 | 48.94 | 1501.45 | OK | |
r-devel-linux-x86_64-fedora-clang | 0.3.2-2 | 2996.14 | NOTE | |||
r-devel-linux-x86_64-fedora-gcc | 0.3.2-2 | 2720.88 | OK | |||
r-patched-linux-x86_64 | 0.3.2-2 | 1510.16 | 61.26 | 1571.42 | OK | |
r-release-linux-x86_64 | 0.3.2-2 | 1490.60 | 59.00 | 1549.60 | OK | |
r-release-macos-arm64 | 0.3.2-2 | NOTE | ||||
r-release-macos-x86_64 | 0.3.2-2 | NOTE | ||||
r-release-windows-x86_64 | 0.3.2-2 | 3209.00 | 283.00 | 3492.00 | NOTE | |
r-oldrel-macos-arm64 | 0.3.2-2 | NOTE | ||||
r-oldrel-macos-x86_64 | 0.3.2-2 | NOTE | ||||
r-oldrel-windows-ix86+x86_64 | 0.3.2-2 | 3215.00 | 216.00 | 3431.00 | NOTE |
Version: 0.3.2-2
Check: installed package size
Result: NOTE
installed size is 159.5Mb
sub-directories of 1Mb or more:
libs 158.9Mb
Flavors: r-devel-linux-x86_64-fedora-clang, r-release-macos-arm64, r-release-macos-x86_64, r-release-windows-x86_64, r-oldrel-macos-arm64, r-oldrel-macos-x86_64, r-oldrel-windows-ix86+x86_64