Last updated on 2022-04-24 03:52:24 CEST.
Flavor | Version | Tinstall | Tcheck | Ttotal | Status | Flags |
---|---|---|---|---|---|---|
r-devel-linux-x86_64-debian-clang | 0.1 | 9.21 | 108.88 | 118.09 | NOTE | |
r-devel-linux-x86_64-debian-gcc | 0.1 | 8.06 | 80.02 | 88.08 | NOTE | |
r-devel-linux-x86_64-fedora-clang | 0.1 | 141.41 | NOTE | |||
r-devel-linux-x86_64-fedora-gcc | 0.1 | 134.10 | NOTE | |||
r-patched-linux-x86_64 | 0.1 | 9.88 | 101.35 | 111.23 | NOTE | |
r-release-linux-x86_64 | 0.1 | 7.98 | 92.89 | 100.87 | NOTE | |
r-release-macos-arm64 | 0.1 | NOTE | ||||
r-release-macos-x86_64 | 0.1 | NOTE | ||||
r-release-windows-x86_64 | 0.1 | 18.00 | 126.00 | 144.00 | NOTE | |
r-oldrel-macos-arm64 | 0.1 | NOTE | ||||
r-oldrel-macos-x86_64 | 0.1 | NOTE | ||||
r-oldrel-windows-ix86+x86_64 | 0.1 | 24.00 | 124.00 | 148.00 | NOTE |
Version: 0.1
Check: LazyData
Result: NOTE
'LazyData' is specified without a 'data' directory
Flavors: r-devel-linux-x86_64-debian-clang, r-devel-linux-x86_64-debian-gcc, r-devel-linux-x86_64-fedora-clang, r-devel-linux-x86_64-fedora-gcc, r-patched-linux-x86_64, r-release-linux-x86_64, r-release-macos-arm64, r-release-macos-x86_64, r-release-windows-x86_64, r-oldrel-macos-arm64, r-oldrel-macos-x86_64, r-oldrel-windows-ix86+x86_64