Last updated on 2022-04-24 03:52:24 CEST.
Flavor | Version | Tinstall | Tcheck | Ttotal | Status | Flags |
---|---|---|---|---|---|---|
r-devel-linux-x86_64-debian-clang | 0.1.1 | 3.20 | 32.25 | 35.45 | OK | |
r-devel-linux-x86_64-debian-gcc | 0.1.1 | 3.09 | 25.52 | 28.61 | OK | |
r-devel-linux-x86_64-fedora-clang | 0.1.1 | 44.48 | NOTE | |||
r-devel-linux-x86_64-fedora-gcc | 0.1.1 | 34.34 | NOTE | |||
r-patched-linux-x86_64 | 0.1.1 | 3.69 | 32.03 | 35.72 | OK | |
r-release-linux-x86_64 | 0.1.1 | 3.13 | 30.90 | 34.03 | OK | |
r-release-macos-arm64 | 0.1.1 | NOTE | ||||
r-release-macos-x86_64 | 0.1.1 | NOTE | ||||
r-release-windows-x86_64 | 0.1.1 | 37.00 | 50.00 | 87.00 | OK | |
r-oldrel-macos-arm64 | 0.1.1 | NOTE | ||||
r-oldrel-macos-x86_64 | 0.1.1 | NOTE | ||||
r-oldrel-windows-ix86+x86_64 | 0.1.1 | 7.00 | 38.00 | 45.00 | OK |
Version: 0.1.1
Check: data for non-ASCII characters
Result: NOTE
Note: found 2854 marked UTF-8 strings
Flavors: r-devel-linux-x86_64-fedora-clang, r-devel-linux-x86_64-fedora-gcc, r-release-macos-arm64, r-release-macos-x86_64, r-oldrel-macos-arm64, r-oldrel-macos-x86_64