Last updated on 2022-04-24 03:52:24 CEST.
Flavor | Version | Tinstall | Tcheck | Ttotal | Status | Flags |
---|---|---|---|---|---|---|
r-devel-linux-x86_64-debian-clang | 0.3.0 | 7.07 | 71.79 | 78.86 | NOTE | |
r-devel-linux-x86_64-debian-gcc | 0.3.0 | 5.89 | 52.32 | 58.21 | NOTE | |
r-devel-linux-x86_64-fedora-clang | 0.3.0 | 93.62 | NOTE | |||
r-devel-linux-x86_64-fedora-gcc | 0.3.0 | 80.57 | NOTE | |||
r-patched-linux-x86_64 | 0.3.0 | 4.25 | 64.49 | 68.74 | NOTE | |
r-release-linux-x86_64 | 0.3.0 | 3.91 | 61.45 | 65.36 | NOTE | |
r-release-macos-arm64 | 0.3.0 | NOTE | ||||
r-release-macos-x86_64 | 0.3.0 | NOTE | ||||
r-release-windows-x86_64 | 0.3.0 | 26.00 | 83.00 | 109.00 | NOTE | |
r-oldrel-macos-arm64 | 0.3.0 | NOTE | ||||
r-oldrel-macos-x86_64 | 0.3.0 | NOTE | ||||
r-oldrel-windows-ix86+x86_64 | 0.3.0 | 16.00 | 78.00 | 94.00 | NOTE |
Version: 0.3.0
Check: LazyData
Result: NOTE
'LazyData' is specified without a 'data' directory
Flavors: r-devel-linux-x86_64-debian-clang, r-devel-linux-x86_64-debian-gcc, r-devel-linux-x86_64-fedora-clang, r-devel-linux-x86_64-fedora-gcc, r-patched-linux-x86_64, r-release-linux-x86_64, r-release-macos-arm64, r-release-macos-x86_64, r-release-windows-x86_64, r-oldrel-macos-arm64, r-oldrel-macos-x86_64, r-oldrel-windows-ix86+x86_64