Last updated on 2022-04-24 03:52:24 CEST.
Flavor | Version | Tinstall | Tcheck | Ttotal | Status | Flags |
---|---|---|---|---|---|---|
r-devel-linux-x86_64-debian-clang | 0.1.0 | 15.02 | 146.79 | 161.81 | NOTE | |
r-devel-linux-x86_64-debian-gcc | 0.1.0 | 10.59 | 106.81 | 117.40 | NOTE | |
r-devel-linux-x86_64-fedora-clang | 0.1.0 | 187.71 | NOTE | |||
r-devel-linux-x86_64-fedora-gcc | 0.1.0 | 184.48 | NOTE | |||
r-patched-linux-x86_64 | 0.1.0 | 9.55 | 136.91 | 146.46 | NOTE | |
r-release-linux-x86_64 | 0.1.0 | 11.38 | 128.49 | 139.87 | NOTE | |
r-release-macos-arm64 | 0.1.0 | NOTE | ||||
r-release-macos-x86_64 | 0.1.0 | NOTE | ||||
r-release-windows-x86_64 | 0.1.0 | 16.00 | 147.00 | 163.00 | NOTE | |
r-oldrel-macos-arm64 | 0.1.0 | NOTE | ||||
r-oldrel-macos-x86_64 | 0.1.0 | NOTE | ||||
r-oldrel-windows-ix86+x86_64 | 0.1.0 | 31.00 | 172.00 | 203.00 | NOTE |
Version: 0.1.0
Check: LazyData
Result: NOTE
'LazyData' is specified without a 'data' directory
Flavors: r-devel-linux-x86_64-debian-clang, r-devel-linux-x86_64-debian-gcc, r-devel-linux-x86_64-fedora-clang, r-devel-linux-x86_64-fedora-gcc, r-patched-linux-x86_64, r-release-linux-x86_64, r-release-macos-arm64, r-release-macos-x86_64, r-release-windows-x86_64, r-oldrel-macos-arm64, r-oldrel-macos-x86_64, r-oldrel-windows-ix86+x86_64