Last updated on 2022-04-24 03:52:24 CEST.
Flavor | Version | Tinstall | Tcheck | Ttotal | Status | Flags |
---|---|---|---|---|---|---|
r-devel-linux-x86_64-debian-clang | 2.0.2 | 39.88 | 394.62 | 434.50 | OK | |
r-devel-linux-x86_64-debian-gcc | 2.0.2 | 31.12 | 284.17 | 315.29 | OK | |
r-devel-linux-x86_64-fedora-clang | 2.0.2 | 535.49 | OK | |||
r-devel-linux-x86_64-fedora-gcc | 2.0.2 | 532.50 | OK | |||
r-patched-linux-x86_64 | 2.0.2 | 37.36 | 360.06 | 397.42 | OK | |
r-release-linux-x86_64 | 2.0.2 | 35.12 | 335.33 | 370.45 | OK | |
r-release-macos-arm64 | 2.0.2 | OK | ||||
r-release-macos-x86_64 | 2.0.2 | WARN | ||||
r-release-windows-x86_64 | 2.0.2 | 49.00 | 632.00 | 681.00 | OK | |
r-oldrel-macos-arm64 | 2.0.2 | OK | ||||
r-oldrel-macos-x86_64 | 2.0.2 | WARN | ||||
r-oldrel-windows-ix86+x86_64 | 2.0.2 | 81.00 | 674.00 | 755.00 | OK |
Version: 2.0.2
Check: whether package can be installed
Result: WARN
Found the following significant warnings:
Warning: multiple methods tables found for ‘direction’
Warning: multiple methods tables found for ‘gridDistance’
Flavors: r-release-macos-x86_64, r-oldrel-macos-x86_64