Last updated on 2022-04-24 03:52:24 CEST.
Flavor | Version | Tinstall | Tcheck | Ttotal | Status | Flags |
---|---|---|---|---|---|---|
r-devel-linux-x86_64-debian-clang | 1.0.4 | 9.76 | 183.26 | 193.02 | NOTE | |
r-devel-linux-x86_64-debian-gcc | 1.0.4 | 9.28 | 136.36 | 145.64 | NOTE | |
r-devel-linux-x86_64-fedora-clang | 1.0.4 | 240.65 | NOTE | |||
r-devel-linux-x86_64-fedora-gcc | 1.0.4 | 216.62 | NOTE | |||
r-patched-linux-x86_64 | 1.0.4 | 9.27 | 174.92 | 184.19 | NOTE | |
r-release-linux-x86_64 | 1.0.4 | 10.59 | 170.92 | 181.51 | NOTE | |
r-release-macos-arm64 | 1.0.4 | NOTE | ||||
r-release-macos-x86_64 | 1.0.4 | NOTE | ||||
r-release-windows-x86_64 | 1.0.4 | 24.00 | 207.00 | 231.00 | NOTE | |
r-oldrel-macos-arm64 | 1.0.4 | NOTE | ||||
r-oldrel-macos-x86_64 | 1.0.4 | NOTE | ||||
r-oldrel-windows-ix86+x86_64 | 1.0.4 | 26.00 | 200.00 | 226.00 | NOTE |
Version: 1.0.4
Check: LazyData
Result: NOTE
'LazyData' is specified without a 'data' directory
Flavors: r-devel-linux-x86_64-debian-clang, r-devel-linux-x86_64-debian-gcc, r-devel-linux-x86_64-fedora-clang, r-devel-linux-x86_64-fedora-gcc, r-patched-linux-x86_64, r-release-linux-x86_64, r-release-macos-arm64, r-release-macos-x86_64, r-release-windows-x86_64, r-oldrel-macos-arm64, r-oldrel-macos-x86_64, r-oldrel-windows-ix86+x86_64