Last updated on 2022-04-24 03:52:24 CEST.
Flavor | Version | Tinstall | Tcheck | Ttotal | Status | Flags |
---|---|---|---|---|---|---|
r-devel-linux-x86_64-debian-clang | 0.1.0 | 3.98 | 42.72 | 46.70 | OK | |
r-devel-linux-x86_64-debian-gcc | 0.1.0 | 3.25 | 32.52 | 35.77 | OK | |
r-devel-linux-x86_64-fedora-clang | 0.1.0 | 59.92 | NOTE | |||
r-devel-linux-x86_64-fedora-gcc | 0.1.0 | 51.06 | NOTE | |||
r-patched-linux-x86_64 | 0.1.0 | 3.67 | 39.59 | 43.26 | OK | |
r-release-linux-x86_64 | 0.1.0 | 3.67 | 43.90 | 47.57 | OK | |
r-release-macos-arm64 | 0.1.0 | NOTE | ||||
r-release-macos-x86_64 | 0.1.0 | NOTE | ||||
r-release-windows-x86_64 | 0.1.0 | 44.00 | 64.00 | 108.00 | OK | |
r-oldrel-macos-arm64 | 0.1.0 | NOTE | ||||
r-oldrel-macos-x86_64 | 0.1.0 | NOTE | ||||
r-oldrel-windows-ix86+x86_64 | 0.1.0 | 7.00 | 68.00 | 75.00 | OK |
Version: 0.1.0
Check: dependencies in R code
Result: NOTE
Namespace in Imports field not imported from: ‘graphics’
All declared Imports should be used.
Flavors: r-devel-linux-x86_64-fedora-clang, r-devel-linux-x86_64-fedora-gcc, r-release-macos-arm64, r-release-macos-x86_64, r-oldrel-macos-arm64, r-oldrel-macos-x86_64