Last updated on 2022-04-24 03:52:24 CEST.
Flavor | Version | Tinstall | Tcheck | Ttotal | Status | Flags |
---|---|---|---|---|---|---|
r-devel-linux-x86_64-debian-clang | 1.0.0 | 12.30 | 338.68 | 350.98 | OK | |
r-devel-linux-x86_64-debian-gcc | 1.0.0 | 8.54 | 226.99 | 235.53 | OK | |
r-devel-linux-x86_64-fedora-clang | 1.0.0 | 398.43 | NOTE | |||
r-devel-linux-x86_64-fedora-gcc | 1.0.0 | 387.84 | NOTE | |||
r-patched-linux-x86_64 | 1.0.0 | 10.37 | 291.87 | 302.24 | OK | |
r-release-linux-x86_64 | 1.0.0 | 7.94 | 290.91 | 298.85 | OK | |
r-release-macos-arm64 | 1.0.0 | NOTE | ||||
r-release-macos-x86_64 | 1.0.0 | NOTE | ||||
r-release-windows-x86_64 | 1.0.0 | 40.00 | 294.00 | 334.00 | OK | |
r-oldrel-macos-arm64 | 1.0.0 | NOTE | ||||
r-oldrel-macos-x86_64 | 1.0.0 | NOTE | ||||
r-oldrel-windows-ix86+x86_64 | 1.0.0 | 29.00 | 322.00 | 351.00 | OK |
Version: 1.0.0
Check: dependencies in R code
Result: NOTE
Namespace in Imports field not imported from: ‘magrittr’
All declared Imports should be used.
Flavors: r-devel-linux-x86_64-fedora-clang, r-devel-linux-x86_64-fedora-gcc, r-release-macos-arm64, r-release-macos-x86_64, r-oldrel-macos-arm64, r-oldrel-macos-x86_64