Last updated on 2022-04-24 03:52:24 CEST.
Flavor | Version | Tinstall | Tcheck | Ttotal | Status | Flags |
---|---|---|---|---|---|---|
r-devel-linux-x86_64-debian-clang | 1.0.3 | 25.40 | 274.28 | 299.68 | OK | |
r-devel-linux-x86_64-debian-gcc | 1.0.3 | 19.59 | 202.93 | 222.52 | OK | |
r-devel-linux-x86_64-fedora-clang | 1.0.3 | 379.29 | OK | |||
r-devel-linux-x86_64-fedora-gcc | 1.0.3 | 367.32 | OK | |||
r-patched-linux-x86_64 | 1.0.3 | 15.95 | 255.88 | 271.83 | OK | |
r-release-linux-x86_64 | 1.0.3 | 14.20 | 242.71 | 256.91 | OK | |
r-release-macos-arm64 | 1.0.3 | OK | ||||
r-release-macos-x86_64 | 1.0.3 | ERROR | ||||
r-release-windows-x86_64 | 1.0.3 | 43.00 | 317.00 | 360.00 | OK | |
r-oldrel-macos-arm64 | 1.0.3 | OK | ||||
r-oldrel-macos-x86_64 | 1.0.3 | ERROR | ||||
r-oldrel-windows-ix86+x86_64 | 1.0.3 | 48.00 | 300.00 | 348.00 | OK |
Version: 1.0.3
Check: tests
Result: ERROR
Running ‘testthat.R’ [16s/19s]
Running the tests in ‘tests/testthat.R’ failed.
Complete output:
> library(testthat)
>
> test_check("dyngen")
Loading required package: dyngen
R(2802,0x7fffb5b67380) malloc: *** error for object 0x7fb1309edbb8: incorrect checksum for freed object - object was probably modified after being freed.
*** set a breakpoint in malloc_error_break to debug
Flavors: r-release-macos-x86_64, r-oldrel-macos-x86_64