Last updated on 2022-04-24 03:52:24 CEST.
Flavor | Version | Tinstall | Tcheck | Ttotal | Status | Flags |
---|---|---|---|---|---|---|
r-devel-linux-x86_64-debian-clang | 0.2 | 1.99 | 38.67 | 40.66 | NOTE | |
r-devel-linux-x86_64-debian-gcc | 0.2 | 1.41 | 28.73 | 30.14 | NOTE | |
r-devel-linux-x86_64-fedora-clang | 0.2 | 49.50 | NOTE | |||
r-devel-linux-x86_64-fedora-gcc | 0.2 | 40.42 | NOTE | |||
r-patched-linux-x86_64 | 0.2 | 2.04 | 38.38 | 40.42 | NOTE | |
r-release-linux-x86_64 | 0.2 | 1.80 | 36.82 | 38.62 | NOTE | |
r-release-macos-arm64 | 0.2 | NOTE | ||||
r-release-macos-x86_64 | 0.2 | NOTE | ||||
r-release-windows-x86_64 | 0.2 | 12.00 | 50.00 | 62.00 | NOTE | |
r-oldrel-macos-arm64 | 0.2 | NOTE | ||||
r-oldrel-macos-x86_64 | 0.2 | NOTE | ||||
r-oldrel-windows-ix86+x86_64 | 0.2 | 4.00 | 34.00 | 38.00 | NOTE |
Version: 0.2
Check: R code for possible problems
Result: NOTE
GetIntMod: no visible global function definition for 'arima'
GetLikeDI: no visible global function definition for 'arima'
GetLikeDI: no visible global function definition for 'logLik'
GetPV: no visible global function definition for 'optimize'
GetPV: no visible global function definition for 'pchisq'
fitdi: no visible global function definition for 'optimize'
Undefined global functions or variables:
arima logLik optimize pchisq
Consider adding
importFrom("stats", "arima", "logLik", "optimize", "pchisq")
to your NAMESPACE file.
Flavors: r-devel-linux-x86_64-debian-clang, r-devel-linux-x86_64-debian-gcc, r-devel-linux-x86_64-fedora-clang, r-devel-linux-x86_64-fedora-gcc, r-patched-linux-x86_64, r-release-linux-x86_64, r-release-macos-arm64, r-release-macos-x86_64, r-release-windows-x86_64, r-oldrel-macos-arm64, r-oldrel-macos-x86_64, r-oldrel-windows-ix86+x86_64