Last updated on 2022-04-24 03:52:24 CEST.
Flavor | Version | Tinstall | Tcheck | Ttotal | Status | Flags |
---|---|---|---|---|---|---|
r-devel-linux-x86_64-debian-clang | 0.1.2 | 8.41 | 99.19 | 107.60 | OK | |
r-devel-linux-x86_64-debian-gcc | 0.1.2 | 7.99 | 75.73 | 83.72 | OK | |
r-devel-linux-x86_64-fedora-clang | 0.1.2 | 131.86 | NOTE | |||
r-devel-linux-x86_64-fedora-gcc | 0.1.2 | 121.65 | NOTE | |||
r-patched-linux-x86_64 | 0.1.2 | 8.63 | 96.46 | 105.09 | OK | |
r-release-linux-x86_64 | 0.1.2 | 7.74 | 90.97 | 98.71 | OK | |
r-release-macos-arm64 | 0.1.2 | OK | ||||
r-release-macos-x86_64 | 0.1.2 | OK | ||||
r-release-windows-x86_64 | 0.1.2 | 24.00 | 117.00 | 141.00 | OK | |
r-oldrel-macos-arm64 | 0.1.2 | OK | ||||
r-oldrel-macos-x86_64 | 0.1.2 | OK | ||||
r-oldrel-windows-ix86+x86_64 | 0.1.2 | 20.00 | 148.00 | 168.00 | OK |
Version: 0.1.2
Check: compiled code
Result: NOTE
File ‘dynpred/libs/dynpred.so’:
Found no calls to: ‘R_registerRoutines’, ‘R_useDynamicSymbols’
It is good practice to register native routines and to disable symbol
search.
See ‘Writing portable packages’ in the ‘Writing R Extensions’ manual.
Flavors: r-devel-linux-x86_64-fedora-clang, r-devel-linux-x86_64-fedora-gcc