Last updated on 2022-04-24 03:52:24 CEST.
Flavor | Version | Tinstall | Tcheck | Ttotal | Status | Flags |
---|---|---|---|---|---|---|
r-devel-linux-x86_64-debian-clang | 0.1.16-27 | 39.68 | 258.84 | 298.52 | OK | |
r-devel-linux-x86_64-debian-gcc | 0.1.16-27 | 31.72 | 195.41 | 227.13 | OK | |
r-devel-linux-x86_64-fedora-clang | 0.1.16-27 | 411.10 | NOTE | |||
r-devel-linux-x86_64-fedora-gcc | 0.1.16-27 | 375.28 | NOTE | |||
r-patched-linux-x86_64 | 0.1.16-27 | 38.86 | 242.47 | 281.33 | OK | |
r-release-linux-x86_64 | 0.1.16-27 | 32.06 | 233.40 | 265.46 | OK | |
r-release-macos-arm64 | 0.1.16-27 | NOTE | ||||
r-release-macos-x86_64 | 0.1.16-27 | NOTE | ||||
r-release-windows-x86_64 | 0.1.16-27 | 100.00 | 458.00 | 558.00 | NOTE | |
r-oldrel-macos-arm64 | 0.1.16-27 | NOTE | ||||
r-oldrel-macos-x86_64 | 0.1.16-27 | NOTE | ||||
r-oldrel-windows-ix86+x86_64 | 0.1.16-27 | 87.00 | 340.00 | 427.00 | NOTE |
Version: 0.1.16-27
Check: installed package size
Result: NOTE
installed size is 5.6Mb
sub-directories of 1Mb or more:
data 2.5Mb
doc 1.5Mb
Flavors: r-devel-linux-x86_64-fedora-clang, r-release-macos-arm64, r-release-macos-x86_64, r-release-windows-x86_64, r-oldrel-macos-arm64, r-oldrel-macos-x86_64, r-oldrel-windows-ix86+x86_64
Version: 0.1.16-27
Check: dependencies in R code
Result: NOTE
Namespace in Imports field not imported from: ‘Rdpack’
All declared Imports should be used.
Flavors: r-devel-linux-x86_64-fedora-clang, r-devel-linux-x86_64-fedora-gcc, r-release-macos-arm64, r-release-macos-x86_64, r-oldrel-macos-arm64, r-oldrel-macos-x86_64