Last updated on 2022-04-24 03:52:24 CEST.
Flavor | Version | Tinstall | Tcheck | Ttotal | Status | Flags |
---|---|---|---|---|---|---|
r-devel-linux-x86_64-debian-clang | 0.4-3 | 46.73 | 119.32 | 166.05 | OK | |
r-devel-linux-x86_64-debian-gcc | 0.4-3 | 34.81 | 87.46 | 122.27 | OK | |
r-devel-linux-x86_64-fedora-clang | 0.4-3 | 213.45 | OK | |||
r-devel-linux-x86_64-fedora-gcc | 0.4-3 | 181.34 | OK | |||
r-patched-linux-x86_64 | 0.4-3 | 39.37 | 110.69 | 150.06 | OK | |
r-release-linux-x86_64 | 0.4-3 | 36.24 | 103.59 | 139.83 | OK | |
r-release-macos-arm64 | 0.4-3 | NOTE | ||||
r-release-macos-x86_64 | 0.4-3 | NOTE | ||||
r-release-windows-x86_64 | 0.4-3 | 49.00 | 152.00 | 201.00 | OK | |
r-oldrel-macos-arm64 | 0.4-3 | NOTE | ||||
r-oldrel-macos-x86_64 | 0.4-3 | NOTE | ||||
r-oldrel-windows-ix86+x86_64 | 0.4-3 | 80.00 | 164.00 | 244.00 | OK |
Version: 0.4-3
Check: installed package size
Result: NOTE
installed size is 7.1Mb
sub-directories of 1Mb or more:
libs 6.9Mb
Flavors: r-release-macos-arm64, r-release-macos-x86_64, r-oldrel-macos-arm64, r-oldrel-macos-x86_64