Last updated on 2022-04-24 03:52:24 CEST.
Flavor | Version | Tinstall | Tcheck | Ttotal | Status | Flags |
---|---|---|---|---|---|---|
r-devel-linux-x86_64-debian-clang | 1.2.2 | 19.39 | 279.76 | 299.15 | OK | |
r-devel-linux-x86_64-debian-gcc | 1.2.2 | 14.10 | 208.18 | 222.28 | OK | |
r-devel-linux-x86_64-fedora-clang | 1.2.2 | 354.36 | OK | |||
r-devel-linux-x86_64-fedora-gcc | 1.2.2 | 340.28 | OK | |||
r-patched-linux-x86_64 | 1.2.2 | 11.72 | 264.13 | 275.85 | OK | |
r-release-linux-x86_64 | 1.2.2 | 10.51 | 265.75 | 276.26 | OK | |
r-release-macos-arm64 | 1.2.2 | NOTE | ||||
r-release-macos-x86_64 | 1.2.2 | NOTE | ||||
r-release-windows-x86_64 | 1.2.2 | 82.00 | 318.00 | 400.00 | OK | |
r-oldrel-macos-arm64 | 1.2.2 | NOTE | ||||
r-oldrel-macos-x86_64 | 1.2.2 | NOTE | ||||
r-oldrel-windows-ix86+x86_64 | 1.2.2 | 36.00 | 330.00 | 366.00 | OK |
Version: 1.2.2
Check: package dependencies
Result: NOTE
Package suggested but not available for checking: ‘hdf5r’
Flavors: r-release-macos-arm64, r-release-macos-x86_64, r-oldrel-macos-arm64, r-oldrel-macos-x86_64